e 15.
-24e5
Convert 1804a (base 11) to base 10.
25343
Convert -19193 (base 11) to base 12.
-1364b
Convert -1000000100 (base 2) to base 14.
-28c
-428 (base 15) to base 8
-1652
Convert -1411 (base 6) to base 5.
-2432
What is -352 (base 8) in base 9?
-280
What is -30130 (base 5) in base 14?
-9ab
-2011210122 (base 3) to base 9
-64718
-1012111 (base 3) to base 5
-12002
Convert -526 (base 10) to base 6.
-2234
What is -2022101 (base 3) in base 6?
-11444
What is 7b7a (base 14) in base 5?
1141342
-6ab2 (base 12) to base 2
-10111010100110
Convert -157 (base 12) to base 11.
-182
What is 311303 (base 5) in base 7?
41514
What is -5020 (base 8) in base 5?
-40301
Convert -1863 (base 16) to base 13.
-2ac3
-1133312 (base 5) to base 14
-797c
Convert 1a87b (base 15) to base 4.
111010103
Convert -110011100 (base 2) to base 12.
-2a4
Convert 140 (base 14) to base 9.
310
What is 3200 (base 4) in base 16?
e0
Convert -33335 (base 7) to base 5.
-232110
Convert -110014 (base 5) to base 16.
-eaf
What is 12202313 (base 4) in base 9?
40685
-1444 (base 7) to base 4
-20323
Convert 314b (base 16) to base 7.
51535
What is -14327 (base 10) in base 15?
-43a2
What is 1304 (base 5) in base 2?
11001100
12b (base 12) to base 11
153
What is 1111442 (base 5) in base 11?
13819
Convert -7530 (base 9) to base 12.
-3253
What is 400332 (base 5) in base 3?
122021101
16300 (base 7) to base 11
3508
Convert 19983 (base 10) to base 8.
47017
What is -a31 (base 16) in base 9?
-3518
-26051 (base 9) to base 14
-6570
-112221001 (base 3) to base 2
-10101010000010
Convert -17322 (base 8) to base 12.
-4696
Convert 8a (base 11) to base 5.
343
Convert -124b (base 14) to base 15.
-e38
What is 1924 (base 11) in base 9?
3317
Convert -281 (base 13) to base 2.
-110111011
What is -6404 (base 11) in base 7?
-33464
What is 3418 (base 9) in base 13?
11c6
What is -1010111101 (base 2) in base 8?
-1275
What is 30e (base 15) in base 7?
2003
What is -101001110010 (base 2) in base 5?
-41144
What is 1069 (base 12) in base 8?
3421
Convert -3850 (base 15) to base 11.
-901a
1215 (base 7) to base 3
121210
5025 (base 6) to base 4
101021
What is -a4 (base 13) in base 3?
-11222
Convert 2110 (base 5) to base 4.
10120
Convert 5554 (base 8) to base 9.
4008
What is -145 (base 9) in base 16?
-7a
What is -4148 (base 15) in base 10?
-13793
Convert -1232 (base 14) to base 4.
-301230
Convert 4065 (base 7) to base 11.
1080
What is 42665 (base 8) in base 10?
17845
1211111121 (base 3) to base 6
435024
What is 190 (base 10) in base 9?
231
Convert 1470 (base 13) to base 10.
2964
What is 484 (base 12) in base 10?
676
Convert 2d0 (base 14) to base 12.
3ba
Convert 53353 (base 6) to base 8.
16145
What is c0 (base 14) in base 9?
206
What is -44151 (base 7) in base 14?
-4061
-2022003 (base 4) to base 14
-3311
Convert -4228 (base 9) to base 12.
-1968
What is -1011210 (base 3) in base 13?
-510
Convert -4781 (base 12) to base 3.
-101222221
Convert 184 (base 9) to base 5.
1112
4030 (base 11) to base 5
132412
What is -3311323 (base 5) in base 15?
-11dad
What is 227 (base 8) in base 11?
128
425 (base 6) to base 8
241
312 (base 9) to base 12
192
-404c (base 13) to base 14
-3324
Convert -1400000 (base 5) to base 6.
-334113
Convert 11826 (base 9) to base 7.
32133
Convert -2a3 (base 12) to base 7.
-1125
What is 40c1 (base 13) in base 10?
8945
Convert 7c (base 14) to base 11.
a0
What is -3528 (base 10) in base 16?
-dc8
-10110010101 (base 2) to base 4
-112111
-2005 (base 7) to base 13
-412
-74114 (base 8) to base 3
-1120020121
What is -426 (base 10) in base 6?
-1550
734 (base 16) to base 12
1098
What is -211122001 (base 3) in base 9?
-24561
Convert 13000 (base 5) to base 16.
3e8
What is 204031 (base 5) in base 2?
1101001101110
-5110 (base 14) to base 8
-33152
Convert -559d (base 15) to base 14.
-6884
Convert 120 (base 12) to base 5.
1133
29a00 (base 12) to base 4
32101200
1133012 (base 4) to base 8
13706
What is -4103 (base 7) in base 10?
-1424
-153 (base 9) to base 6
-333
-190 (base 11) to base 3
-22011
What is 615 (base 9) in base 5?
4000
What is 2546 (base 8) in base 13?
824
What is -32157 (base 11) in base 4?
-23122300
What is -8113 (base 9) in base 11?
-44a7
What is -65e (base 15) in base 10?
-1439
-100001002 (base 3) to base 4
-1212332
What is -13238 (base 9) in base 14?
-338d
-103040 (base 5) to base 15
-109a
Convert 3404 (base 8) to base 9.
2415
Convert -17642 (base 11) to base 14.
-9026
-350 (base 11) to base 7
-1135
What is 1547 (base 12) in base 8?
4707
Convert -12502 (base 6) to base 15.
-875
What is -6588 (base 11) in base 5?
-234222
Convert -1011010100 (base 2) to base 12.
-504
What is 5265 (base 8) in base 5?
41431
-733 (base 8) to base 13
-2a7
11544 (base 6) to base 16
6b8
Convert 8d5 (base 16) to base 11.
1776
Convert -17a7 (base 11) to base 10.
-2295
Convert -20312 (base 7) to base 12.
-2a52
Convert 1605 (base 9) to base 8.
2304
-1200020 (base 3) to base 13
-72c
What is 234043 (base 6) in base 9?
30800
What is -20b8 (base 15) in base 11?
-5224
-62642 (base 8) to base 4
-12112202
-211202201 (base 3) to base 11
-11519
2230420 (base 5) to base 8
115075
2b6 (base 12) to base 2
110101010
Convert 38147 (base 9) to base 5.
1310024
What is 31313321 (base 4) in base 16?
ddf9
Convert -194d (base 16) to base 11.
-4959
Convert -1b5b (base 12) to base 11.
-25a6
Convert 30011 (base 4) to base 9.
1048
110010 (base 2) to base 15
35
355 (base 9) to base 10
293
What is 557 (base 11) in base 10?
667
Convert 880 (base 10) to base 16.
370
-173b (base 15) to base 9
-6772
Convert -27ab (base 12) to base 13.
-2126
639 (base 11) to base 8
1400
What is -4a0 (base 12) in base 13?
-417
What is -265 (base 8) in base 11?
-155
What is -41130 (base 5) in base 2?
-101001101001
Convert c0 (base 15) to base 10.
180
22878 (base 9) to base 15
47ee
Convert -14051 (base 7) to base 2.
-111011100001
Convert -478 (base 9) to base 11.
-32a
What is -1541 (base 7) in base 13?
-386
-23b63 (base 12) to base 14
-13871
21701 (base 8) to base 15
2aa3
-1100000101 (base 2) to base 6
-3325
-419 (base 12) to base 5
-4342
Convert 32d7 (base 15) to base 9.
15704
Convert 2205 (base 6) to base 3.
200212
What is 2043 (base 6) in base 7?
1224
-1674 (base 9) to base 13
-778
Convert -2677 (base 14) to base 8.
-15161
Convert 22212121 (base 3) to base 5.
201334
Convert 2506 (base 7) to base 4.
32221
What is 2c0a (base 16) in base 6?
124110
-1741 (base 9) to base 2
-10100110101
11303 (base 5) to base 6
3500
What is -653 (base 11) in base 3?
-1002001
-3222 (base 5) to base 12
-305
Convert -303 (base 9) to base 11.
-204
-17442 (base 11) to base 12
-12208
-2ee6 (base 15) to base 10
-10116
What is 14314 (base 5) in base 4?
102321
21121001 (base 3) to base 5
134121
Convert -3344 (base 8) to base 13.
-a59
What is 1202010212 (base 3) in base 13?
12848
What is -103d (base 14) in base 6?
-20543
What is 63c6 (base 15) in base 9?
31856
What is 2130 (base 6) in base 16?
1e6
4587 (base 10) to base 12
27a3
-57595 (base 10) to base 5
-3320340
Convert 1110202 (base 3) to base 11.
896
-1112211220 (base 3) to base 11
-20a14
What is -13202 (base 14) in base 9?
-71468
Convert 629 (base 15) to base 8.
2555
241211 (base 6) to base 13
975a
8598 (base 11) to base 9
16522
Convert 425 (base 10) to base 5.
3200
Convert b173 (base 14) to base 16.
7711
Convert -1071b (base 16) to base 7.
-400241
7471 (base 15) to base 11
17562
What is -233221 (base 5) in base 2?
-10000101110001
What is 582 (base 9) in base 15?
21e
Convert -1033 (base 11) to base 15.
-612
What is 243023 (base 5) in base 10?
9138
Convert -1045 (base 6) to base 11.
-203
What is -91 (base 14) in base 6?
-331
What is -2020012101 (base 3) in base 14?
-11dc9
-500 (base 10) to base 8
-764
Convert -11989 (base 11) to base 9.
-25474
Convert -544 (base 8) to base 15.
-18b
-7612 (base 9) to base 2
-1010111100000
Convert 6ee (base 16) to base 15.
7d4
288 (base 13) to base 9
550
-4d14 (base 15) to base 2
-100000000111100
Convert -2737 (base 10) to base 9.
-3671
-1033302 (base 5) to base 11
-12540
Convert -577b (base 14) to base 6.
-154213
Convert -1078 (base 11) to base 6.
-10320
Convert 20433 (base 5) to base 16.
558
What is 61021 (base 7) in base 2?
11100110101100
What is 15822 (base 10) in base 16?
3dce
What is 3312211 (base 4) in base 5?
1001111
What is aec (base 15) in 